/(-15) + 2/o.
1
What is the remainder when 77 is divided by -1*(2 + 3*24/(-4))?
13
Let h = -11 - -10. Let l = h + 2. What is the remainder when 31 is divided by 8 - (-2 - 1)*l?
9
Suppose 27*g + 355 - 1219 = 0. What is the remainder when 157 is divided by g?
29
Calculate the remainder when 198 is divided by 2 + -3 + 6/(-2) - -73.
60
Let f be 2*((-25)/(-10))/(2/(-58)). Let c = f - -171. Calculate the remainder when 129 is divided by c.
25
Let i(n) be the second derivative of n**4/12 - 5*n**3/6 + n**2 - 4*n. Let y be i(8). Suppose 0*d + 2*d = y. Calculate the remainder when 50 is divided by d.
11
Suppose -3*f - f - 77 = -n, -334 = -4*n + 3*f. Let x(h) = -h**2 - h - 6. Let z be x(-5). Let t = z + 55. Calculate the remainder when n is divided by t.
27
Let j(y) = -31*y - 170. Calculate the remainder when j(-10) is divided by 31.
16
Let f = 5 + 2. Let g = 12 - f. Suppose 50 = g*a - 35. What is the remainder when 48 is divided by a?
14
Let w(y) = y**3 + 2*y**2. Let t be w(-2). Suppose 4*f = -3*r + 61 + 86, t = -2*r - 2*f + 96. What is the remainder when r is divided by 12?
9
Let k(f) = 2*f + 26. Calculate the remainder when 77 is divided by k(-5).
13
Suppose 4*m + 7 = 119. Let t = m + -4. Calculate the remainder when t is divided by 14.
10
Let n(z) = 27*z**2 - 12*z + 11. What is the remainder when 42 is divided by n(1)?
16
Let z(w) = w**2 - 7*w - 3. Suppose g + 0*g = 35. Suppose 8 - g = -3*d. Calculate the remainder when 59 is divided by z(d).
14
Suppose -4*b - b + 48 = -4*c, 5*c - 5*b = -55. Let z = -46 - -99. What is the remainder when z is divided by c/((-1 - 2)/6)?
11
Suppose -2*p + 2*v = -332, 4*p + p = -5*v + 830. Let m = 30 - -12. What is the remainder when p is divided by m?
40
Let x(k) = -2*k**3 - 3*k**2 - 22*k - 36. What is the remainder when 933 is divided by x(-2)?
9
Let h be (-2 - -6 - -1)/1. Suppose q + h = 37. Suppose -q = -s + 3*c, -5*c = 3*s - 2*s - 8. What is the remainder when s is divided by 12?
11
Suppose -i = -25 - 19. What is the remainder when 124 is divided by i?
36
Suppose -4*i + 5*m = -605, m - 285 = -0*i - 2*i. Calculate the remainder when i is divided by 4.
1
Suppose 9*b = 16*b - 882. Calculate the remainder when b is divided by 26/(-4)*(3 - 5).
9
Suppose 8 = -3*k + 17. Suppose 2*t = -3*a + 19, -16*a + 21*a = t + 10. Suppose r - a = k. What is the remainder when r is divided by 3?
0
Let r(l) = -7*l + 262. What is the remainder when r(26) is divided by 51?
29
Suppose 0 = -100*s - 28*s + 8192. What is the remainder when 150 is divided by s?
22
Let c = 1 - -62. Suppose -c - 17 = -5*t. Suppose -n = -2*n + 47. Calculate the remainder when n is divided by t.
15
Let y = -46 - -166. Suppose -4*b + y = 2*b. Let f(q) = -q**3 - q**2 + q + 36. What is the remainder when f(0) is divided by b?
16
Let w(z) = -7*z - 9*z + 1 - 10*z + 7*z. What is the remainder when w(-2) is divided by 8?
7
What is the remainder when 188 is divided by ((-78)/91)/(2 + (-58)/28)?
8
Let r(n) = -7*n - 38. Let j be r(-6). Suppose 10 = 2*h + j*o, -8*h + 3*h = 3*o - 11. Calculate the remainder when 4 is divided by h.
0
Let p = 82 + -42. Suppose -10*f + p = -6*f. What is the remainder when 67 is divided by f?
7
Suppose 0 = 3*w + w + 12, u + 5*w - 7 = 0. Let l = 32 - u. What is the remainder when 13 is divided by l?
3
Let n(u) = 17*u**2 - 18*u**2 + 3 - 5 + 6*u. What is the remainder when 14 is divided by n(3)?
0
Let w(k) = -k**3 + k - 1. Let x be w(-2). Suppose -2*q + 3*s + 48 = q, x*q - 80 = -s. What is the remainder when q is divided by (3 + -1)*(5 - 2)?
4
Let s = 88 + -88. Suppose -2*b + 3 + 3 = 0. Suppose -b*o - 48 + 192 = s. Calculate the remainder when o is divided by 17.
14
Let c(s) = -s**3 + 8*s**2 - 4*s - 7. What is the remainder when 93 is divided by c(7)?
9
Let t = -101 + 110. Suppose 0 = -j - 2*j + 3. Suppose 5*b + j + 4 = 0, -4*a + 3*b = -67. Calculate the remainder when a is divided by t.
7
Let v be (6/(-5))/(8/(-20)). Suppose 4*q = 5*q - v. Suppose -3*p + 297 = 4*s, s + q*p - 81 = -0*s. What is the remainder when s is divided by 19?
15
Suppose 5*o - 61 = 14. Let s = o - 1. Calculate the remainder when 26 is divided by s.
12
Let r(d) = 12*d - 41. Calculate the remainder when 123 is divided by r(6).
30
Suppose 75 = o + 4*o. Let f = o - -36. Let g = 12 + f. Calculate the remainder when g is divided by 22.
19
Suppose 3*b = 5*f + 1072, 10*b + 3*f = 15*b - 1808. Calculate the remainder when b is divided by 125.
114
Calculate the remainder when 44 - (-4 + 10 + 1 + -6) is divided by 9.
7
Let v = -136 + 147. Calculate the remainder when 20 is divided by v.
9
Let v be 1 - -1*(-18 + 4). Let c = 16 + v. Suppose -3 = -a + c. What is the remainder when 23 is divided by a?
5
Suppose 25*v - 23*v = 48. What is the remainder when 119 is divided by v?
23
Suppose -4*d + 3*b = 4*b - 83, 6 = 2*b. What is the remainder when 199 is divided by d?
19
Suppose -18*p + 33*p - 2865 = 0. What is the remainder when p is divided by 34?
21
Let u = -7 - -10. Suppose u*n = 2*j - 158, -n + 0*n = j - 84. Calculate the remainder when j is divided by 21.
19
Calculate the remainder when (2*3)/(58/812) is divided by 45.
39
Let o = 142 - 105. Calculate the remainder when o is divided by 21.
16
Let j = -16 + 14. What is the remainder when 6 is divided by (4 + -1 + j)*(5 - 3)?
0
What is the remainder when (-4724)/(-32) - 9/(-24) is divided by 50?
48
Suppose -5*u = -2*n + 7*n - 15, 2*n + 5*u - 15 = 0. Suppose -f - 2*s + 15 = -4*s, -2*s - 2 = n. What is the remainder when 37 is divided by f?
11
Suppose 1925*p + 53 = 1940*p - 127. Calculate the remainder when (-926)/(-6) - (-1)/(-3) is divided by p.
10
Let d(h) = -h**3 + 15*h**2 - 35*h - 9. Let v be d(12). Suppose 0 = v*l - 15 - 42. Calculate the remainder when 93 is divided by l.
17
Let n = 462 - 461. Calculate the remainder when 1 is divided by n.
0
Let f = 1281 + -1139. What is the remainder when f is divided by 12?
10
Let v be (1/2)/(3/282). Let h = 66 - v. Calculate the remainder when h is divided by 10.
9
Let i be 130/(-11) + 4/(-22). Let v = i + 126. Suppose 0 = -5*l - 51 + 196. Calculate the remainder when v is divided by l.
27
Let j(l) = -7 - 4*l + 6*l**2 - 5 - 7*l - l**3 + 16*l. What is the remainder when 34 is divided by j(6)?
16
Suppose 4*b - 3*u - 152 = 0, -4*b + 7*u = 5*u - 148. Suppose 4*f - 918 = -366. Calculate the remainder when f is divided by b.
33
Let w(v) = -37*v**3 - v**2 + 1. Let t be w(-1). Let b = -25 + t. Suppose -4*f - 4*u + 16 = -b, -u = -5*f + 35. What is the remainder when 26 is divided by f?
5
Let g = 1 - -4. What is the remainder when 76*((-40)/(-288) - (-2)/18) is divided by g?
4
Let m(l) = 4*l**2 + 37*l - 10. What is the remainder when 78 is divided by m(-10)?
18
Let p = 5 + 15. What is the remainder when 97 is divided by (-2 - -1)*-1*p?
17
Let d(r) = -9*r + 622. What is the remainder when 103 is divided by d(67)?
8
Let n = 21 - -13. Suppose -5 = -m - 0. Suppose 5*c = m*q - 95, -9 = -q + 4*c + 10. What is the remainder when n is divided by q?
15
Let r = 3 - 11. Let p = -130 - 4. Calculate the remainder when 24 is divided by p/(-10) + r/20.
11
Let x = 1561 + -1523. What is the remainder when 214 is divided by x?
24
Let w = 60 + -57. Suppose -4*s = -d - 49, -s + 7 = -d - w. Calculate the remainder when 1 + -1 - (1 - 39) is divided by s.
12
Suppose p + 2*w = 0, 3*w - 7 = -5*p - 21. Let v(t) = 204*t**2 - 2 - 201*t**2 + 2. What is the remainder when v(p) is divided by 17?
14
Let g = 52 - 81. Let s = g + 49. Calculate the remainder when 139 is divided by s.
19
Calculate the remainder when 89 is divided by 91 + 1 + (44/(-11) - 0).
1
Suppose -40 - 13 = -4*w + 5*z, 0 = 4*w + 3*z - 45. Calculate the remainder when 182 is divided by w.
2
Let q(p) = p**3 + 13*p**2 + 14*p - 10. What is the remainder when q(-9) is divided by 10?
8
Let g(p) = p**2 + 7*p + 6. Suppose -x = 5*a + 32, 3*a - 38 = 8*a - x. Let s(h) = -h + 4. Calculate the remainder when s(-7) is divided by g(a).
5
Suppose 0 = -l - 4*x - 5, -8 = -4*l + x + 23. Calculate the remainder when 16 is divided by l.
2
Suppose -543*a = -547*a + 1716. Calculate the remainder when a is divided by 10.
9
Suppose -i = 5*z - 148, 7*z + 112 = i + 3*z. What is the remainder when i is divided by 8?
0
Let z = 5 - 1. Suppose 3*j - 323 = -q, 2*q = -z*j + 4*q + 424. Suppose 0*o + 41 = 